{"id":106,"date":"2022-09-22T18:07:09","date_gmt":"2022-09-22T16:07:09","guid":{"rendered":"https:\/\/dropshipabidjan.com\/?post_type=product&#038;p=106"},"modified":"2023-03-08T16:43:56","modified_gmt":"2023-03-08T15:43:56","slug":"clear-eyes-soulagement-des-rougeurs-lubrifiant-gouttes-pour-les-yeux-anti-rougeurs-15-ml","status":"publish","type":"product","link":"https:\/\/dropshipabidjan.com\/index.php\/product\/clear-eyes-soulagement-des-rougeurs-lubrifiant-gouttes-pour-les-yeux-anti-rougeurs-15-ml\/","title":{"rendered":"Clear eyes Soulagement des rougeurs, Lubrifiant\/gouttes pour les yeux anti-rougeurs, 15\u00a0ml"},"content":{"rendered":"<p class=\"sectionTitle\">Description<\/p>\n<ul>\n<li>Jusqu&#8217;\u00e0 12\u00a0heures de confort apaisant<\/li>\n<li>De plus, soulage la s\u00e9cheresse, les br\u00fblures et les irritations<\/li>\n<li>St\u00e9rile<\/li>\n<li>Soulage les rougeurs<\/li>\n<li>Hydrate<\/li>\n<li>Apaise &amp; Prot\u00e8ge<\/li>\n<li>Action rapide<\/li>\n<\/ul>\n<p>Clear Eyes<sup>\u00ae<\/sup>\u00a0Soulagement des rougeurs est formul\u00e9 \u00e0 la fois pour soulager les rougeurs et hydrater.<\/p>\n<p><strong>Utilisations\u00a0:<\/strong><\/p>\n<ul>\n<li>Soulage les rougeurs des yeux dues aux irritations mineures des yeux<\/li>\n<li>Pour une utilisation comme protecteur contre une irritation suppl\u00e9mentaire ou la s\u00e9cheresse des yeux<\/li>\n<li>Pour le soulagement temporaire des br\u00fblures et des irritations dues \u00e0 la s\u00e9cheresse oculaire<\/li>\n<\/ul>\n","protected":false},"excerpt":{"rendered":"<p class=\"sectionTitle\">Description<\/p>\n<ul>\n<li>Jusqu&#8217;\u00e0 12\u00a0heures de confort apaisant<\/li>\n<li>De plus, soulage la s\u00e9cheresse, les br\u00fblures et les irritations<\/li>\n<li>St\u00e9rile<\/li>\n<li>Soulage les rougeurs<\/li>\n<li>Hydrate<\/li>\n<li>Apaise &amp; Prot\u00e8ge<\/li>\n<li>Action rapide<\/li>\n<\/ul>\n","protected":false},"featured_media":107,"comment_status":"open","ping_status":"closed","template":"","meta":{"_acf_changed":false,"om_disable_all_campaigns":false,"_mi_skip_tracking":false,"_monsterinsights_sitenote_active":false,"_monsterinsights_sitenote_note":"","_monsterinsights_sitenote_category":0},"product_cat":[20,28,19],"product_tag":[],"acf":[],"aioseo_notices":[],"jetpack-related-posts":[{"id":29,"url":"https:\/\/dropshipabidjan.com\/index.php\/product\/savon-antibacterien-rourrisant-artemisia\/","url_meta":{"origin":106,"position":0},"title":"Savon antibact\u00e9rien nourrissant \u00e0 l&#8217;Artemisia 100g","author":"admin","date":"4 July 2022","format":false,"excerpt":"Savon nourrissant antibact\u00e9rien \u00e0 l\u2019art\u00e9mesinine pour avoir une tr\u00e8s belle peau \u00e9clatante.","rel":"","context":"Similar post","block_context":{"text":"Similar post","link":""},"img":{"alt_text":"","src":"https:\/\/i0.wp.com\/dropshipabidjan.com\/wp-content\/uploads\/2022\/07\/1-Savon-antibacterien-noussant-a-base-dArtemesia-25PV-2600-3500.jpg?fit=600%2C600&ssl=1&resize=350%2C200","width":350,"height":200},"classes":[]},{"id":66,"url":"https:\/\/dropshipabidjan.com\/index.php\/product\/calcium-longrich\/","url_meta":{"origin":106,"position":1},"title":"Compl\u00e9ment alimentaire Calcium 100 comprim\u00e9s","author":"admin","date":"8 July 2022","format":false,"excerpt":"Le calcium de Longrich est compos\u00e9 de calcium, et de zinc, de fer et de magn\u00e9sium, trois \u00e9l\u00e9ments indispensables dans le m\u00e9tabolisme organique. Cet aliment peut compl\u00e9ter le manque de calcium dans votre corps.","rel":"","context":"Similar post","block_context":{"text":"Similar post","link":""},"img":{"alt_text":"","src":"https:\/\/i0.wp.com\/dropshipabidjan.com\/wp-content\/uploads\/2022\/07\/calcium-complexe-calcium-zinc-fer-300x300-1.jpg?fit=600%2C600&ssl=1&resize=350%2C200","width":350,"height":200},"classes":[]},{"id":60,"url":"https:\/\/dropshipabidjan.com\/index.php\/product\/bain-de-bouche-473ml\/","url_meta":{"origin":106,"position":2},"title":"Bain de bouche 473ml","author":"admin","date":"4 July 2022","format":false,"excerpt":"Les art\u00e9misinines sont d\u00e9riv\u00e9es d\u2019extraits d\u2019armoise douce (Artemisia annua) et sont bien \u00e9tablies pour le traitement du MALARIA, y compris les souches hautement r\u00e9sistantes aux m\u00e9dicaments.","rel":"","context":"Similar post","block_context":{"text":"Similar post","link":""},"img":{"alt_text":"","src":"https:\/\/i0.wp.com\/dropshipabidjan.com\/wp-content\/uploads\/2022\/07\/2-Bain-de-Bouche-multi-action-a-lartemesia-473-ml-34PV-3800-4500.jpg?fit=600%2C600&ssl=1&resize=350%2C200","width":350,"height":200},"classes":[]},{"id":68,"url":"https:\/\/dropshipabidjan.com\/index.php\/product\/savon-noir-au-charbon-de-bambou\/","url_meta":{"origin":106,"position":3},"title":"Savon noir au charbon de bambou","author":"admin","date":"8 July 2022","format":false,"excerpt":"Profitez d\u2019une belle vie aujourd\u2019hui ! Utilisez l\u2019essence naturelle du savon de bambou pour une meilleure peau. Fait \u00e0 base de charbon de bambou raffin\u00e9, ce savon naturel absorbe la salet\u00e9 et \u00e9limine la graisse excessive de la peau.","rel":"","context":"Similar post","block_context":{"text":"Similar post","link":""},"img":{"alt_text":"","src":"https:\/\/i0.wp.com\/dropshipabidjan.com\/wp-content\/uploads\/2022\/07\/Savon-noir-naturel-charbon-de-bambou-100g-3-savons-dans-paquet.png?fit=512%2C512&ssl=1&resize=350%2C200","width":350,"height":200},"classes":[]}],"_links":{"self":[{"href":"https:\/\/dropshipabidjan.com\/index.php\/wp-json\/wp\/v2\/product\/106"}],"collection":[{"href":"https:\/\/dropshipabidjan.com\/index.php\/wp-json\/wp\/v2\/product"}],"about":[{"href":"https:\/\/dropshipabidjan.com\/index.php\/wp-json\/wp\/v2\/types\/product"}],"replies":[{"embeddable":true,"href":"https:\/\/dropshipabidjan.com\/index.php\/wp-json\/wp\/v2\/comments?post=106"}],"wp:featuredmedia":[{"embeddable":true,"href":"https:\/\/dropshipabidjan.com\/index.php\/wp-json\/wp\/v2\/media\/107"}],"wp:attachment":[{"href":"https:\/\/dropshipabidjan.com\/index.php\/wp-json\/wp\/v2\/media?parent=106"}],"wp:term":[{"taxonomy":"product_cat","embeddable":true,"href":"https:\/\/dropshipabidjan.com\/index.php\/wp-json\/wp\/v2\/product_cat?post=106"},{"taxonomy":"product_tag","embeddable":true,"href":"https:\/\/dropshipabidjan.com\/index.php\/wp-json\/wp\/v2\/product_tag?post=106"}],"curies":[{"name":"wp","href":"https:\/\/api.w.org\/{rel}","templated":true}]}}